{"id":1084,"date":"2024-08-22T14:40:36","date_gmt":"2024-08-22T17:40:36","guid":{"rendered":"https:\/\/lubrificmultimarcas.com.br\/?post_type=product&#038;p=1084"},"modified":"2024-08-22T14:40:36","modified_gmt":"2024-08-22T17:40:36","slug":"bardahl-b-12","status":"publish","type":"product","link":"https:\/\/lubrificmultimarcas.com.br\/?product=bardahl-b-12","title":{"rendered":"BARDAHL B-12"},"content":{"rendered":"<p>Para c\u00e1rter de ve\u00edculos com motores movidos a gasolina, etanol e GNV, que usam \u00f3leos lubrificantes minerais, semissint\u00e9ticos e sint\u00e9ticos.<\/p>\n<p>Bardahl B12 cria uma pel\u00edcula lubrificante separadora de atra\u00e7\u00e3o polar que resiste \u00e0s mais elevadas press\u00f5es e temperaturas, reduzindo o atrito e o desgaste das pe\u00e7as vitais do motor em at\u00e9 75%. N\u00e3o altera a viscosidade do lubrificante, al\u00e9m de possuir alto poder de limpeza, antioxidante e antiespumante. Proporciona economia no consumo de combust\u00edvel e \u00f3leo lubrificante. O uso cont\u00ednuo n\u00e3o vicia o motor. Produto aprovado no rigoroso teste da sequ\u00eancia IIIF conforme ASTM D6984. Indicado para lubrificantes com viscosidade SAE 5W-30 ou superior.<\/p>\n<p>A cada troca de \u00f3leo, coloque sempre o conte\u00fado deste frasco no c\u00e1rter e complete com \u00f3leo de motor. Para c\u00e1rter com mais de 5 litros, use 2 frascos ou a propor\u00e7\u00e3o de 10 a 20% da capacidade do c\u00e1rter.<\/p>\n","protected":false},"excerpt":{"rendered":"<p>BARDAHL ADITIVO DE MOTOR LINHA LEVE.<\/p>\n","protected":false},"featured_media":1086,"comment_status":"open","ping_status":"closed","template":"","meta":{"_joinchat":[]},"product_cat":[20],"product_tag":[],"_links":{"self":[{"href":"https:\/\/lubrificmultimarcas.com.br\/index.php?rest_route=\/wp\/v2\/product\/1084"}],"collection":[{"href":"https:\/\/lubrificmultimarcas.com.br\/index.php?rest_route=\/wp\/v2\/product"}],"about":[{"href":"https:\/\/lubrificmultimarcas.com.br\/index.php?rest_route=\/wp\/v2\/types\/product"}],"replies":[{"embeddable":true,"href":"https:\/\/lubrificmultimarcas.com.br\/index.php?rest_route=%2Fwp%2Fv2%2Fcomments&post=1084"}],"wp:featuredmedia":[{"embeddable":true,"href":"https:\/\/lubrificmultimarcas.com.br\/index.php?rest_route=\/wp\/v2\/media\/1086"}],"wp:attachment":[{"href":"https:\/\/lubrificmultimarcas.com.br\/index.php?rest_route=%2Fwp%2Fv2%2Fmedia&parent=1084"}],"wp:term":[{"taxonomy":"product_cat","embeddable":true,"href":"https:\/\/lubrificmultimarcas.com.br\/index.php?rest_route=%2Fwp%2Fv2%2Fproduct_cat&post=1084"},{"taxonomy":"product_tag","embeddable":true,"href":"https:\/\/lubrificmultimarcas.com.br\/index.php?rest_route=%2Fwp%2Fv2%2Fproduct_tag&post=1084"}],"curies":[{"name":"wp","href":"https:\/\/api.w.org\/{rel}","templated":true}]}}