{"id":1055,"date":"2024-08-19T15:34:27","date_gmt":"2024-08-19T18:34:27","guid":{"rendered":"https:\/\/lubrificmultimarcas.com.br\/?post_type=product&#038;p=1055"},"modified":"2024-08-19T15:37:46","modified_gmt":"2024-08-19T18:37:46","slug":"militec-1","status":"publish","type":"product","link":"https:\/\/lubrificmultimarcas.com.br\/?product=militec-1","title":{"rendered":"MILITEC-1"},"content":{"rendered":"<p class=\"has-text-align-center\" style=\"text-align: justify;\">MILITEC\u00a01 \u00e9 o\u00a0<strong>primeiro e melhor condicionador de metais do mundo<\/strong>, que protege o seu motor de verdade. Fabricado nos Estados Unidos com um processo \u00fanico e tecnologia exclusiva, MILITEC\u00a01\u00a0<strong>garante a prote\u00e7\u00e3o contra os desgastes<\/strong>\u00a0tanto no dia a dia quanto nas condi\u00e7\u00f5es mais cr\u00edticas de uso e performance.<\/p>\n<p class=\"has-text-align-center\" style=\"text-align: justify;\">Cerca de 80% do desgaste do motor acontece na partida a frio devido \u00e0 falta de lubrifica\u00e7\u00e3o moment\u00e2nea. Nesse momento\u00a0<strong>MILITEC\u00a01 garante a prote\u00e7\u00e3o das pe\u00e7as<\/strong>\u00a0pois o produto j\u00e1 est\u00e1 adsorvido no metal.<\/p>\n<p class=\"has-text-align-center\" style=\"text-align: justify;\">Ao ser aplicado, MILITEC\u00a01 impregna nas superf\u00edcies met\u00e1licas em atrito do motor. Essa exclusiva tecnologia <em>Dry Impregnated Lubrication<\/em>,\u00a0<strong>reduz o atrito em at\u00e9 85% e deixa os metais at\u00e9 17 vezes mais resistentes<\/strong>.<\/p>\n<p style=\"text-align: justify;\">Al\u00e9m de\u00a0<strong>aumentar a vida \u00fatil e proteger o motor nas partidas a frio<\/strong>, a aplica\u00e7\u00e3o de MILITEC\u00a01 reduz o desgaste entre as pe\u00e7as. Por isso, voc\u00ea pode ficar muito mais tranquilo para aproveitar a melhora do desempenho do seu ve\u00edculo.<\/p>\n<p style=\"text-align: justify;\">Desenvolvido sob rigorosos padr\u00f5es de qualidade, MILITEC\u00a01 pode ser aplicado em motores de qualquer combust\u00edvel, tanto em carros como em motos, pois o produto funciona em qualquer lugar onde haja atrito de metais, lubrificados ou n\u00e3o, reduzindo o atrito e, consequentemente, o desgaste.<\/p>\n<p style=\"text-align: justify;\">Voc\u00ea pode utilizar MILITEC\u00a01 nos motores de autom\u00f3veis a gasolina, \u00e1lcool, flex, diesel ou GNV de todas as marcas e modelos.<\/p>\n<p style=\"text-align: justify;\">Use um frasco de 200 ml de MILITEC\u00a01 para os motores de autom\u00f3veis com 4 litros de \u00f3leo. Aplique a cada 20.000 km rodados.<\/p>\n<p style=\"text-align: justify;\">\n","protected":false},"excerpt":{"rendered":"<p>MILITEC-1 condicionador de metais.<\/p>\n","protected":false},"featured_media":1057,"comment_status":"open","ping_status":"closed","template":"","meta":{"_joinchat":[]},"product_cat":[20],"product_tag":[],"_links":{"self":[{"href":"https:\/\/lubrificmultimarcas.com.br\/index.php?rest_route=\/wp\/v2\/product\/1055"}],"collection":[{"href":"https:\/\/lubrificmultimarcas.com.br\/index.php?rest_route=\/wp\/v2\/product"}],"about":[{"href":"https:\/\/lubrificmultimarcas.com.br\/index.php?rest_route=\/wp\/v2\/types\/product"}],"replies":[{"embeddable":true,"href":"https:\/\/lubrificmultimarcas.com.br\/index.php?rest_route=%2Fwp%2Fv2%2Fcomments&post=1055"}],"wp:featuredmedia":[{"embeddable":true,"href":"https:\/\/lubrificmultimarcas.com.br\/index.php?rest_route=\/wp\/v2\/media\/1057"}],"wp:attachment":[{"href":"https:\/\/lubrificmultimarcas.com.br\/index.php?rest_route=%2Fwp%2Fv2%2Fmedia&parent=1055"}],"wp:term":[{"taxonomy":"product_cat","embeddable":true,"href":"https:\/\/lubrificmultimarcas.com.br\/index.php?rest_route=%2Fwp%2Fv2%2Fproduct_cat&post=1055"},{"taxonomy":"product_tag","embeddable":true,"href":"https:\/\/lubrificmultimarcas.com.br\/index.php?rest_route=%2Fwp%2Fv2%2Fproduct_tag&post=1055"}],"curies":[{"name":"wp","href":"https:\/\/api.w.org\/{rel}","templated":true}]}}