{"id":1053,"date":"2024-08-19T15:26:36","date_gmt":"2024-08-19T18:26:36","guid":{"rendered":"https:\/\/lubrificmultimarcas.com.br\/?post_type=product&#038;p=1053"},"modified":"2024-08-19T15:26:36","modified_gmt":"2024-08-19T18:26:36","slug":"ipiranga-f1-master-5w30","status":"publish","type":"product","link":"https:\/\/lubrificmultimarcas.com.br\/?product=ipiranga-f1-master-5w30","title":{"rendered":"IPIRANGA F1 MASTER 5W30"},"content":{"rendered":"<p>Lubrificante multiviscoso SAE 5W30 100% sint\u00e9tico, desenvolvido com b\u00e1sicos selecionados e aditivos de \u00faltima gera\u00e7\u00e3o, recomendado para motores quatros tempos movidos a gasolina, etanol, g\u00e1s natural ou flex, de ve\u00edculos nacionais ou importados.<\/p>\n<p>O IPIRANGA F1 MASTER SINT\u00c9TICO 5W30 SN foi elaborado para atender e superar os requisitos dos principais fabricantes de ve\u00edculos do mercado nacional e internacional, com desempenho superior em rela\u00e7\u00e3o aos \u00f3leos de base mineral ou semissint\u00e9tica.<\/p>\n<p>Garante a performance ideal dos motores, ajudando a manter por mais tempo as suas caracter\u00edsticas originais de limpeza e desempenho, mesmo sob os mais diversos regimes de uso aos quais os ve\u00edculos s\u00e3o submetidos no dia a dia.<\/p>\n<p>Com exclusiva tecnologia Nano ARMOR\u2122 capaz de criar uma armadura de prote\u00e7\u00e3o extra para desempenho otimizado e longa vida do seu ve\u00edculo. As pequenas mol\u00e9culas modificadas s\u00e3o adsorvidas quimicamente pelas partes met\u00e1licas, formando uma camada de intera\u00e7\u00e3o a n\u00edvel molecular, garantindo a devida prote\u00e7\u00e3o e cuidado para atender \u00e0 constante evolu\u00e7\u00e3o tecnol\u00f3gica dos motores automotivos.<\/p>\n","protected":false},"excerpt":{"rendered":"<p>Ipiranga F1 Master\u00a05W30 100% sint\u00e9tico para motores a gasolina, etanol, g\u00e1s natural ou flex.<\/p>\n","protected":false},"featured_media":1054,"comment_status":"open","ping_status":"closed","template":"","meta":{"_joinchat":[]},"product_cat":[20],"product_tag":[],"_links":{"self":[{"href":"https:\/\/lubrificmultimarcas.com.br\/index.php?rest_route=\/wp\/v2\/product\/1053"}],"collection":[{"href":"https:\/\/lubrificmultimarcas.com.br\/index.php?rest_route=\/wp\/v2\/product"}],"about":[{"href":"https:\/\/lubrificmultimarcas.com.br\/index.php?rest_route=\/wp\/v2\/types\/product"}],"replies":[{"embeddable":true,"href":"https:\/\/lubrificmultimarcas.com.br\/index.php?rest_route=%2Fwp%2Fv2%2Fcomments&post=1053"}],"wp:featuredmedia":[{"embeddable":true,"href":"https:\/\/lubrificmultimarcas.com.br\/index.php?rest_route=\/wp\/v2\/media\/1054"}],"wp:attachment":[{"href":"https:\/\/lubrificmultimarcas.com.br\/index.php?rest_route=%2Fwp%2Fv2%2Fmedia&parent=1053"}],"wp:term":[{"taxonomy":"product_cat","embeddable":true,"href":"https:\/\/lubrificmultimarcas.com.br\/index.php?rest_route=%2Fwp%2Fv2%2Fproduct_cat&post=1053"},{"taxonomy":"product_tag","embeddable":true,"href":"https:\/\/lubrificmultimarcas.com.br\/index.php?rest_route=%2Fwp%2Fv2%2Fproduct_tag&post=1053"}],"curies":[{"name":"wp","href":"https:\/\/api.w.org\/{rel}","templated":true}]}}