{"id":1037,"date":"2024-07-11T17:29:29","date_gmt":"2024-07-11T20:29:29","guid":{"rendered":"https:\/\/lubrificmultimarcas.com.br\/?post_type=product&#038;p=1037"},"modified":"2024-07-11T17:29:29","modified_gmt":"2024-07-11T20:29:29","slug":"ipiranga-brutus-15w40-ci-4","status":"publish","type":"product","link":"https:\/\/lubrificmultimarcas.com.br\/?product=ipiranga-brutus-15w40-ci-4","title":{"rendered":"IPIRANGA BRUTUS 15W40 CI-4"},"content":{"rendered":"<p>Lubrificante SAE 15W40 mineral, recomendado para motores quatro tempos de ve\u00edculos movidos a <strong>diesel<\/strong> aspirados ou turboalimentados. Indicado para motores das s\u00e9ries <em>Euro III<\/em> e <em>Euro V<\/em>, com ou sem sistema de p\u00f3s-tratamento do tipo SCR (<em>Redu\u00e7\u00e3o catal\u00edtica seletiva<\/em>).<\/p>\n<p>O IPIRANGA BRUTUS PERFORMANCE 15W40 CI foi desenvolvido com \u00f3leos b\u00e1sicos minerais selecionados e a mais alta tecnologia de aditiva\u00e7\u00e3o, que o colocam em um n\u00edvel superior. Possui desempenho comprovado em regimes de opera\u00e7\u00e3o severos, em diversos ve\u00edculos de frota rodovi\u00e1ria ou de constru\u00e7\u00e3o, entregando confiabilidade e efici\u00eancia, garantindo a performance ideal em uso, mesmo utilizando combust\u00edvel de baixo ou alto teor de enxofre.<\/p>\n","protected":false},"excerpt":{"rendered":"<p>Ipiranga Brutus Performance 15W40 API CI-4<\/p>\n","protected":false},"featured_media":1038,"comment_status":"open","ping_status":"closed","template":"","meta":{"_joinchat":[]},"product_cat":[20],"product_tag":[],"_links":{"self":[{"href":"https:\/\/lubrificmultimarcas.com.br\/index.php?rest_route=\/wp\/v2\/product\/1037"}],"collection":[{"href":"https:\/\/lubrificmultimarcas.com.br\/index.php?rest_route=\/wp\/v2\/product"}],"about":[{"href":"https:\/\/lubrificmultimarcas.com.br\/index.php?rest_route=\/wp\/v2\/types\/product"}],"replies":[{"embeddable":true,"href":"https:\/\/lubrificmultimarcas.com.br\/index.php?rest_route=%2Fwp%2Fv2%2Fcomments&post=1037"}],"wp:featuredmedia":[{"embeddable":true,"href":"https:\/\/lubrificmultimarcas.com.br\/index.php?rest_route=\/wp\/v2\/media\/1038"}],"wp:attachment":[{"href":"https:\/\/lubrificmultimarcas.com.br\/index.php?rest_route=%2Fwp%2Fv2%2Fmedia&parent=1037"}],"wp:term":[{"taxonomy":"product_cat","embeddable":true,"href":"https:\/\/lubrificmultimarcas.com.br\/index.php?rest_route=%2Fwp%2Fv2%2Fproduct_cat&post=1037"},{"taxonomy":"product_tag","embeddable":true,"href":"https:\/\/lubrificmultimarcas.com.br\/index.php?rest_route=%2Fwp%2Fv2%2Fproduct_tag&post=1037"}],"curies":[{"name":"wp","href":"https:\/\/api.w.org\/{rel}","templated":true}]}}