{"id":1035,"date":"2024-07-11T17:22:36","date_gmt":"2024-07-11T20:22:36","guid":{"rendered":"https:\/\/lubrificmultimarcas.com.br\/?post_type=product&#038;p=1035"},"modified":"2024-07-11T17:24:21","modified_gmt":"2024-07-11T20:24:21","slug":"lubrax-hydra-68","status":"publish","type":"product","link":"https:\/\/lubrificmultimarcas.com.br\/?product=lubrax-hydra-68","title":{"rendered":"LUBRAX HYDRA 68"},"content":{"rendered":"<p>LUBRAX HYDRA \u00e9 formulado com \u00f3leos b\u00e1sicos paraf\u00ednicos e aditivos especiais que evitam o desgaste e a corros\u00e3o das pe\u00e7as lubrificadas. Sua aditiva\u00e7\u00e3o lhe garante resist\u00eancia \u00e0 oxida\u00e7\u00e3o e \u00e0 forma\u00e7\u00e3o de espuma.<\/p>\n<p>\u00c9 recomendado para uso em sistemas <strong>hidr\u00e1ulicos<\/strong> de alta press\u00e3o, tais como elevadores, equipamentos de minera\u00e7\u00e3o, m\u00e1quinas de moldagem e inje\u00e7\u00e3o de pl\u00e1sticos, prensas e m\u00e1quinas operatrizes.<\/p>\n","protected":false},"excerpt":{"rendered":"<p>LUBRAX HYDRA ISO 68 HLP<\/p>\n","protected":false},"featured_media":1036,"comment_status":"open","ping_status":"closed","template":"","meta":{"_joinchat":[]},"product_cat":[20],"product_tag":[],"_links":{"self":[{"href":"https:\/\/lubrificmultimarcas.com.br\/index.php?rest_route=\/wp\/v2\/product\/1035"}],"collection":[{"href":"https:\/\/lubrificmultimarcas.com.br\/index.php?rest_route=\/wp\/v2\/product"}],"about":[{"href":"https:\/\/lubrificmultimarcas.com.br\/index.php?rest_route=\/wp\/v2\/types\/product"}],"replies":[{"embeddable":true,"href":"https:\/\/lubrificmultimarcas.com.br\/index.php?rest_route=%2Fwp%2Fv2%2Fcomments&post=1035"}],"wp:featuredmedia":[{"embeddable":true,"href":"https:\/\/lubrificmultimarcas.com.br\/index.php?rest_route=\/wp\/v2\/media\/1036"}],"wp:attachment":[{"href":"https:\/\/lubrificmultimarcas.com.br\/index.php?rest_route=%2Fwp%2Fv2%2Fmedia&parent=1035"}],"wp:term":[{"taxonomy":"product_cat","embeddable":true,"href":"https:\/\/lubrificmultimarcas.com.br\/index.php?rest_route=%2Fwp%2Fv2%2Fproduct_cat&post=1035"},{"taxonomy":"product_tag","embeddable":true,"href":"https:\/\/lubrificmultimarcas.com.br\/index.php?rest_route=%2Fwp%2Fv2%2Fproduct_tag&post=1035"}],"curies":[{"name":"wp","href":"https:\/\/api.w.org\/{rel}","templated":true}]}}