{"id":1029,"date":"2024-07-11T17:06:19","date_gmt":"2024-07-11T20:06:19","guid":{"rendered":"https:\/\/lubrificmultimarcas.com.br\/?post_type=product&#038;p=1029"},"modified":"2024-07-11T17:08:10","modified_gmt":"2024-07-11T20:08:10","slug":"mult-lub-gear-oil-140-gl-4","status":"publish","type":"product","link":"https:\/\/lubrificmultimarcas.com.br\/?product=mult-lub-gear-oil-140-gl-4","title":{"rendered":"MULT LUB GEAR OIL 140 GL-4"},"content":{"rendered":"<div>\u00d3leo lubrificante mineral desenvolvido para caixas de engrenagens hip\u00f3ides, caixas de mudan\u00e7as e diferencial de ve\u00edculos de passeio, caminh\u00f5es e \u00f4nibus.<\/div>\n<div>Sua formula\u00e7\u00e3o protege as partes met\u00e1licas contra o desgaste prematuro das pe\u00e7as e contra corros\u00e3o e oxida\u00e7\u00e3o. Prolonga a vida \u00fatil das engrenagens.<\/div>\n","protected":false},"excerpt":{"rendered":"<p>MULT LUB GEAR OIL SAE 140 GL-4, PARA TRANSMISS\u00c3O AUTOMOTIVA.<\/p>\n","protected":false},"featured_media":1030,"comment_status":"open","ping_status":"closed","template":"","meta":{"_joinchat":[]},"product_cat":[20],"product_tag":[],"_links":{"self":[{"href":"https:\/\/lubrificmultimarcas.com.br\/index.php?rest_route=\/wp\/v2\/product\/1029"}],"collection":[{"href":"https:\/\/lubrificmultimarcas.com.br\/index.php?rest_route=\/wp\/v2\/product"}],"about":[{"href":"https:\/\/lubrificmultimarcas.com.br\/index.php?rest_route=\/wp\/v2\/types\/product"}],"replies":[{"embeddable":true,"href":"https:\/\/lubrificmultimarcas.com.br\/index.php?rest_route=%2Fwp%2Fv2%2Fcomments&post=1029"}],"wp:featuredmedia":[{"embeddable":true,"href":"https:\/\/lubrificmultimarcas.com.br\/index.php?rest_route=\/wp\/v2\/media\/1030"}],"wp:attachment":[{"href":"https:\/\/lubrificmultimarcas.com.br\/index.php?rest_route=%2Fwp%2Fv2%2Fmedia&parent=1029"}],"wp:term":[{"taxonomy":"product_cat","embeddable":true,"href":"https:\/\/lubrificmultimarcas.com.br\/index.php?rest_route=%2Fwp%2Fv2%2Fproduct_cat&post=1029"},{"taxonomy":"product_tag","embeddable":true,"href":"https:\/\/lubrificmultimarcas.com.br\/index.php?rest_route=%2Fwp%2Fv2%2Fproduct_tag&post=1029"}],"curies":[{"name":"wp","href":"https:\/\/api.w.org\/{rel}","templated":true}]}}