{"id":1015,"date":"2024-06-26T17:12:36","date_gmt":"2024-06-26T20:12:36","guid":{"rendered":"https:\/\/lubrificmultimarcas.com.br\/?post_type=product&#038;p=1015"},"modified":"2024-06-26T17:23:15","modified_gmt":"2024-06-26T20:23:15","slug":"texaco-havoline-api-sl-15w-40","status":"publish","type":"product","link":"https:\/\/lubrificmultimarcas.com.br\/?product=texaco-havoline-api-sl-15w-40","title":{"rendered":"TEXACO HAVOLINE API SL 15W-40"},"content":{"rendered":"<p>HAVOLINE SEMISSINT\u00c9TICO API SL SAE 15W-40<\/p>\n<p>\u00d3leo lubrificante semissint\u00e9tico recomendado para motores de 4 tempos Flex, a gasolina, a etanol ou GNV que requeiram a especifica\u00e7\u00e3o SAE 15W-40 e API SL.<\/p>\n<p>\u2022 Partida f\u00e1cil do motor<br \/>\n\u2022 Limpeza do motor<br \/>\n\u2022 Longa vida do motor<br \/>\n\u2022 Excelente desempenho em altas temperaturas<\/p>\n<p>QUALIDADE: TEXACO<\/p>\n","protected":false},"excerpt":{"rendered":"<pre>TEXACO HAVOLINE SEMISSINT\u00c9TICO API SL SAE 15W-40, PARA MOTOR FLEX.<\/pre>\n","protected":false},"featured_media":1016,"comment_status":"open","ping_status":"closed","template":"","meta":{"_joinchat":[]},"product_cat":[20],"product_tag":[],"_links":{"self":[{"href":"https:\/\/lubrificmultimarcas.com.br\/index.php?rest_route=\/wp\/v2\/product\/1015"}],"collection":[{"href":"https:\/\/lubrificmultimarcas.com.br\/index.php?rest_route=\/wp\/v2\/product"}],"about":[{"href":"https:\/\/lubrificmultimarcas.com.br\/index.php?rest_route=\/wp\/v2\/types\/product"}],"replies":[{"embeddable":true,"href":"https:\/\/lubrificmultimarcas.com.br\/index.php?rest_route=%2Fwp%2Fv2%2Fcomments&post=1015"}],"wp:featuredmedia":[{"embeddable":true,"href":"https:\/\/lubrificmultimarcas.com.br\/index.php?rest_route=\/wp\/v2\/media\/1016"}],"wp:attachment":[{"href":"https:\/\/lubrificmultimarcas.com.br\/index.php?rest_route=%2Fwp%2Fv2%2Fmedia&parent=1015"}],"wp:term":[{"taxonomy":"product_cat","embeddable":true,"href":"https:\/\/lubrificmultimarcas.com.br\/index.php?rest_route=%2Fwp%2Fv2%2Fproduct_cat&post=1015"},{"taxonomy":"product_tag","embeddable":true,"href":"https:\/\/lubrificmultimarcas.com.br\/index.php?rest_route=%2Fwp%2Fv2%2Fproduct_tag&post=1015"}],"curies":[{"name":"wp","href":"https:\/\/api.w.org\/{rel}","templated":true}]}}